(8 - 17).
31
What is the value of (2 - (4 - (8 - 2))) + (22 - 0)?
26
What is 5 - (15 - 2 - ((17 - 3) + -9))?
-3
Calculate (14 - -3) + -44 + 4.
-23
What is -70 + 108 - (3 - -43)?
-8
1 + 6 + 6 + 0 + -9
4
Calculate -30 + -50 + 80 + (22 - 1).
21
-15 + 2 + 11 + -4 + 5 - -14
13
-12 + (4 + -7 - -17) - 22
-20
54 - 27 - 26 - -5
6
Calculate (17 - 12) + (-1 - -2) + -33 + 21.
-6
Calculate 2 + 9 + (-3 - -6) + -3.
11
(7 - 24) + 16 + -3
-4
-33 + -15 + 26 + 4 + -3
-21
-6 + (-2 - -21) - 11
2
(4 - 3 - -6) + 2
9
Calculate 2 - (-1 + -1 + 5 - -7).
-8
What is -11 - -1 - (38 - 55)?
7
What is 8 - (-50 - -50 - (-1 + -1))?
6
Evaluate 12 - (4 + -2) - 2 - (-6 - -4).
10
What is 7 + -5 + (-7 - (8 - 3 - 13))?
3
What is the value of 5 - -1 - ((10 - -20) + -20)?
-4
-8 + (-6 - (46 - 39))
-21
(0 + -25 - ((-15 - -1) + 8)) + 6
-13
Evaluate 8 - (3 + 10 + -6).
1
Evaluate -7 + 10 - 3 - (0 + 1 + 2).
-3
What is -4 + (-3 - 8) + 7 + 8?
0
What is 38 - 1 - (162 + -146)?
21
What is the value of -2 + 2 - -12 - (53 + -58)?
17
Evaluate (1 - -2) + (-1 - 2) + (328 - 317).
11
-17 - (29 + -57 + 16)
-5
What is (-5 - -12) + -6 + -10 + 2?
-7
What is 16 - -4 - (2 + 39)?
-21
Calculate 7 + -17 + 5 + -5.
-10
Calculate 14 + -11 + -8 - -10.
5
What is (19 + -38 - -7) + (-4 - -17)?
1
What is 11 + (-8 - (-3 + -1))?
7
Calculate -33 + 34 - (-5 - -21).
-15
What is -2 + (-9 - -5 - -11 - 3 - 1)?
1
Evaluate 7 + (8 - 19) - (-3 - (-2 - 4)).
-7
Calculate 8 + -12 + 5 + -5 + (1 - -15).
12
Evaluate -25 + ((30 - 55) + 32 - (7 + -1)).
-24
What is the value of 20 + 4 - 31 - -31?
24
-4 + 3 + (-2 - 2) + 5
0
What is the value of 2 + (-2 - 4) - (12 + 14) - -5?
-25
Calculate 8 - (2 - 8) - (-18 - -27).
5
What is (2216 - 2243) + (27 - -1)?
1
Calculate -102 - -126 - (-6 - -54).
-24
Evaluate (28 - 3 - 56) + 37.
6
3 - ((-5 - -6) + (-5 - 5))
12
What is the value of (-8 + -8 - -5) + 25?
14
Calculate 22 + 15 + -17 - (-4 - -2).
22
Calculate -17 + -23 + 13 - ((5 - 11) + -5).
-16
Evaluate (5 - 4) + (6 + -5 + 4 - -5).
11
What is -13 + (14 + -9 - 0)?
-8
Calculate (7 - (-5 + (14 - 0))) + 2.
0
Evaluate (-8 - -24) + 13 + (5 + -9 - -3).
28
Calculate -5 - ((-2 - -8) + (-12 + 9 - -4)).
-12
What is 7 + -12 - 2 - -8?
1
Calculate 1 - (-7 - (-8 + 5 - 5)) - 18.
-18
What is 10 - 2 - 6 - (-11 - -10)?
3
Calculate -1 + -5 - 2 - (33 + (4 - 11)).
-34
7 + (-3 - -2) + (37 - -22 - 37)
28
-10 - (2 - 8) - -7 - (4 + 4)
-5
-4 + 6 + -2 - (11 - (-4 - -10))
-5
What is the value of -6 + 2 - (-5 - (-8 - (2 - 5)))?
-4
What is -17 + (16 - 3 - -11)?
7
Calculate -35 + -5 + 18 - (-4 + (0 - 0)).
-18
4 + 31 + -5 + -41
-11
What is 2 - 2 - ((8 - 11 - 2) + -7)?
12
Calculate 7 - (21 - (-7 + 9 + 7)).
-5
Evaluate -9 - (8 + (-30 - -4)).
9
What is the value of 18 + 2 - (-16 + (-2 - -10 - 1))?
29
21 + (-35 - (13 + -28))
1
Evaluate 10 + 12 - (25 + -1).
-2
What is the value of (-16 - (19 - 39)) + 10 + (3 - 1)?
16
What is the value of (-16 + -2 - (-51 + -3)) + 3 + -15?
24
34 + -4 + -14 - 13 - (-13 - 0)
16
0 - -15 - (30 + -16)
1
14 + -16 - (-2 + -1 + 9)
-8
What is the value of -2 - (-4 + (-3 - -2)) - -1?
4
-5 + 4 + (12 - 7 - (3 + 4))
-3
18 + -17 + (-3 - 1) - (3 + 7)
-13
What is (5 - 4) + -23 - (-176 + 179)?
-25
Evaluate (-20 - 1 - 0) + 6 - -9.
-6
Evaluate (1 - 22) + (407 - 400).
-14
Evaluate (4 - (11 + -8) - 3) + 5.
3
Calculate (-4 + (-1 - 10) - -12) + -2.
-5
(9 - 1 - (84 + -63)) + -15
-28
What is 20 + -25 + (1 - (-2 + 3 - -12))?
-17
Evaluate -2 + -27 - (2 + 2 - (40 + -25)).
-18
What is (-1 - 0) + 8 - (1 - (21 - 5))?
22
Evaluate -13 + (2 - -5 - -28) - -1.
23
What is -20 + (6 - (11 - 19))?
-6
-10 - (-13 - -2) - (3 + 2)
-4
What is (6 - (1 + 14)) + 7?
-2
7 + (-10 - -15 - -3)
15
Evaluate -5 + 3 + (-9 - -16) - 8.
-3
What is the value of 2 - -4 - ((57 - 45) + (-2 - -5))?
-9
(12 - (1 + 10 + 1)) + -24
-24
What is 403 + -416 + (-1 - -15) - (-1 + 11)?
-9
What is 15 + 8 + -13 + -3 + 1?
8
What is 7 + (14 - (-7 - -14) - 8)?
6
-21 + 3 - (42 - 46)
-14
Calculate (12 - 20) + 3 + 7 + -3.
-1
Evaluate -45 - (-15 + 39 - 63).
-6
Calculate 17 + -6 - (2 - (9 - 4)).
14
What is the value of -13 - (12 + -15 - 23)?
13
What is 2 - ((0 - 0) + (-2 - (6 - 8)))?
2
Calculate 9 - (15 + (6 - 6)).
-6
What is the value of 4 + (2 + 1 - -4) + -11?
0
What is (17 - -1) + (-2 - 86) + 89?
19
What is the value of 12 - ((-3 - 20) + 38)?
-3
What is (0 + 1 + 0 - 0) + (-23 - -28)?
6
Calculate 0 - 13 - (22 + -42 + 17).
-10
What is the value of -11 + (-14 - (10 - 44))?
9
-6 - (-7 + -11 + 19) - (0 + -2)
-5
Calculate 37 + -16 + (-42 - -9).
-12
Evaluate -108 + 102 + (17 - 2).
9
What is 5 - (28 + -23 - -11)?
-11
Evaluate 4 + ((3 - -2) + -3 - (0 + 2)).
4
Evaluate -49 - ((-29 - -21) + -15).
-26
What is the value of 19 + (-37 - 19) + 14?
-23
What is -1 + -2 + 0 + (-7 - (-5 + -15))?
10
What is the value of (5 - -20) + (17 - 38)?
4
Evaluate 5 - (-9 + -6) - (14 - 10) - 1.
15
-1 - (8 + -2 + -4) - -13
10
Calculate (19 + 4 + -16 - -10) + (1 - 1).
17
Calculate (-10 - (-2 + -3)) + 18 + 23 + -26.
10
What is the value of (9 - 0) + 11 + (2 - 12) + -6?
4
Calculate (33 - 28) + -6 + 1 + 12.
12
Evaluate (3 - (0 + (-2 - -9))) + -34 + 14.
-24
Calculate -5 + 8 + 3 + (7 - 3).
10
Calculate (50 - 33) + (-1 - 32) + 8.
-8
Evaluate 1 + -13 + -1 + 12.
-1
Calculate -21 + (1 - -2) + 586 + -569.
-1
What is 2 + 1 + (7 - (14 + -10))?
6
What is -1 - -42 - (28 - 10)?
23
Calculate -8 - -3 - (-45 + 49).
-9
Calculate -25 - (-3 - -7 - 13).
-16
Evaluate 0 - (-10 + 13) - 6.
-9
Evaluate -36 - (-129 + 42) - 31.
20
-5 + (-4 - (-4 + 1) - -13) - -2
9
What is the value of -24 - (15 - 25) - -11?
-3
-4 + 4 + -8 + -7 - -7
-8
What is (1 - -7 - 23) + (12 - 20)?
-23
Calculate (22 - 1) + (-16 - (-44 + 35)).
14
Evaluate 4 + (39 + -24 - (-4 + 0)).
23
(-1 - 11) + (-46 - -48 - -20)
10
What is the value of -8 + (17 - (11 + 11))?
-13
Calculate -1 + 10 - (-24 - -37) - 5.
-9
What is the value of 14 - (26 + (7 - 23))?
4
Calculate -4 - (0 + 2 + 3 + -3).
-6
What is -13 - (-5 + 1 + (4 - (-6 + 10)))?
-9
Evaluate 43 + (22 - 61) + -1.
3
What is 3 - (3 - ((0 - 2) + 4)) - -5?
7
What is the value of (-2 - -7) + (-38 - -31) + 5?
3
Calculate 1 + (-13 - -13 - (7 + (-1 - 2))).
-3
What is -20 + (16 - 8 - -26)?
14
Evaluate (19 - (1 + -1)) + (3244 - 3302).
-39
(-4 + -8 - -47) + -23 - (24 - -1)
-13
3 + -1 + -5 - (58 - (16 + 34))
-11
Calculate 0 + (-30 - -30) + (2 - (-8 + 4)).
6
Evaluate -25 - -26 - (-2 + 9).
-6
What is 27 + -20 + 2 + 6?
15
What is 14 + (1 + -13 + -28 - -9)?
-17
Evaluate (22 - -25 - 12) + 3 + 0 + -13.
25
Calculate (-40 - (28 - 56)) + 44.
32
What is the value of 11 + -12 + 19 + -5?
13
(-12 - -17 - 9) + -1 + -3
-8
Calculate -12 - -16 - (5 - 10 - -1).
8
What is (-6 - (2 + -4)) + (8 - -1)?
5
Evaluate 9 - ((-6 - 0) + -1 - (212 + -235)).
-7
-2 + 37 + (239 - 260)
14
2 - (2 + -18) - (0 + 2 + 5)
11
What is (38 - 4 - 32) + (2 - 1)?
3
(-2 - -2) + -30 + 13 + 0
-17
Calculate 26 + -53 + 35 - (18 + 2).
-12
What is the value of -2 - (2 + 4 + 4) - -30?
18
Calculate 10 + -11 + -4 + (-7 - -18).
6
Calculate 36 - 47 - (-4 - 5).
-2
What is the value of (-1 - (1 - 2)) + -44 + (3 - -41)?
0
0 + (-11 - 1) - (1 - 10)
-3
What is (-5 - (-2 + 6)) + 12 - 12?
-9
Calculate 2 + (0 - (-6 + 2 + 6)).
0
Calculate -9 + 1 - 0 - (3 - (-2 + 10)).
-3
What is the value of (-10 - -56) + -57 + 1 + 1 + 2?
-7
25 - (19 + -10) - 7
9
Calculate 19 + -7 + 2 + -15 + -7 + 2.
-6
What is the value of 5 + 10 + 6 - 12?
9
Calculate 18 + -2 - (3 + -6 + (8 - 5)).
16
What is the value of (45 - 19) + (0 - (5 + 2))?
19
What is 1 + -20 - (-15 + (6 - 9) + 25)?
-26
What is (5 + -1 - 3 - -8) + -7?
2
What is the value of (-32 - -6) + -59 + 64?
-21
-5 + -5 + 2 - -12 - 3
1
6 + (-10 - 1) + 2 + -10 + 4
-9
59 + 15 + -43 + -17
14
What is (0 - -1) + -3 + (85 - 76)?
7
(-5 - -1) + -1197 + 1178
-23
18 + (16 - (0 - -3)) + (-1 - 6)
24
Calculate 1 + -5 - 0 - (13 + 18 + -46).
11
What is the value of 2 + 0 - (4 - 64 - -34)?
28
Evaluate 0 + 2 - -1 - (60 - -66 - 105).
-18
Evaluate 2 + -1 + -2 - (378 - 368).
-11
(0 + -1 - 3) + (24 - -31 - 41)
10
Evaluate 27 + -8 - (-10 + -17 + 18).
28
Calculate -6 + 20 + 2 - 7 - -1.
10
Evaluate 7 - ((-9 - -18) + -19).
17
Calculate 27 - (17 + (2 - 19)).
27
What is the value of -15 + -23 + 14 + 20?
-4
What is 6 - 20 - (-41 - -31) - 2?
-6
-3 + 2 - (13 - (14 - -5))
5
Evaluate -1 + 3 + 22 + -11.
13
What is -10 + 29 + (5 - 11) + -2?
11
Evaluate 1 + (2 - (1 + 